6, what is -1140503010 - 4?
-1140503014
In base 5, what is -24142203031 + 1?
-24142203030
In base 13, what is -9a + -48a42c?
-48a4c9
In base 8, what is 2430651376 + 2?
2430651400
In base 12, what is 15 + 89174?
89189
In base 15, what is 325 - -1ea5?
22ca
In base 11, what is -2 - 11749039?
-11749040
In base 4, what is -1 - -1131002223223?
1131002223222
In base 7, what is -5 + -256161221?
-256161226
In base 11, what is -46 + 581211?
581176
In base 9, what is 163 + -17407?
-17234
In base 11, what is -2a46719 - 4?
-2a46722
In base 5, what is -2 + -24334141113?
-24334141120
In base 3, what is 12201111221 - -10120?
12201122111
In base 4, what is -11 + 133121332031?
133121332020
In base 14, what is 2 - -b4166?
b4168
In base 14, what is -1c0 + -5ac43?
-5b023
In base 15, what is 7c9 + -6981d?
-69044
In base 10, what is 4 + -8821870?
-8821866
In base 16, what is 5 - 6af59?
-6af54
In base 15, what is 312 - -982de?
98601
In base 9, what is 4588178 - 300?
4587778
In base 10, what is -4046 + 5891?
1845
In base 8, what is -3 - 224267570?
-224267573
In base 16, what is 2a + 36c1?
36eb
In base 11, what is -145 + 45102?
44a68
In base 12, what is 3 + -316b5b4?
-316b5b1
In base 4, what is -3 - 32213033101?
-32213033110
In base 13, what is -4 - -31360a36?
31360a32
In base 8, what is -416006 + -24727?
-442735
In base 3, what is -110100 - -221020211201?
221020101101
In base 8, what is 3 + 425262655?
425262660
In base 13, what is -565 - 15c8c?
-16524
In base 12, what is -9a4b31 + -5?
-9a4b36
In base 9, what is 231 + -302606?
-302365
In base 8, what is -1 - -202163456?
202163455
In base 8, what is 1274275 + -5?
1274270
In base 10, what is -3 - -52292708?
52292705
In base 9, what is 308 - -40135?
40444
In base 3, what is -11022222120100102 - -22?
-11022222120100010
In base 16, what is 160356 + -1a?
16033c
In base 5, what is -132040 - -1422?
-130113
In base 5, what is -14 + 430010223?
430010204
In base 10, what is 5474 + -2101?
3373
In base 5, what is -14022011 - 2122?
-14024133
In base 15, what is -1439 - -7334?
5dea
In base 3, what is -211 + -210122222022?
-210200000010
In base 9, what is 0 + 41533161?
41533161
In base 10, what is 577 - -54138?
54715
In base 8, what is -121674530 + 3?
-121674525
In base 9, what is -44606 - -425?
-44171
In base 15, what is -b753 - 49b?
-bbee
In base 14, what is -1ac7db2a + -1?
-1ac7db2b
In base 2, what is 11111000000100 + -10000010101011?
1110101011001
In base 15, what is 4 + e7b761?
e7b765
In base 14, what is 7c0 + b77a?
c15a
In base 12, what is 131 - -254b77?
2550a8
In base 13, what is 3 + 2c651a?
2c6520
In base 12, what is 9 - -136a444?
136a451
In base 6, what is 33 + -22404531?
-22404454
In base 3, what is 112010121221102 - 12?
112010121221020
In base 14, what is -2309c6c9 + -5?
-2309c6d0
In base 2, what is -100110001100111 + -100001110000?
-101010011010111
In base 15, what is 5 - 8ad1307?
-8ad1302
In base 10, what is -228861 - -1169?
-227692
In base 8, what is 2 - -547502042?
547502044
In base 5, what is -301244 - -112343?
-133401
In base 10, what is 3 + -3330402?
-3330399
In base 15, what is 7eee3 - c?
7eed6
In base 5, what is 13120132003 + -11?
13120131442
In base 10, what is 742161 + 16?
742177
In base 10, what is -129890 - -290?
-129600
In base 5, what is 23 - -220322011?
220322034
In base 4, what is 12122112 - 11202?
12110310
In base 14, what is -37a47a + -3?
-37a47d
In base 16, what is ad + 2f23?
2fd0
In base 7, what is 21655510066 - 4?
21655510062
In base 3, what is -10100021010201 + 1202?
-10100021001222
In base 15, what is -2133ea + 17b?
-21326e
In base 16, what is 2956 + 177?
2acd
In base 13, what is 2 + cb1326?
cb1328
In base 10, what is -79557 + 64?
-79493
In base 13, what is -43489 + 58?
-43431
In base 13, what is 840ca5 + 21?
840cc6
In base 16, what is -30ce4 + -29?
-30d0d
In base 15, what is -86 + -154d53?
-154dd9
In base 14, what is -44 + -b41?
-b85
In base 3, what is -120002110202101 + 20?
-120002110202011
In base 5, what is 1 - -144020042?
144020043
In base 7, what is 323153126 - -1?
323153130
In base 14, what is -43d3 + -2575?
-6968
In base 16, what is -1adfc5 + -d4?
-1ae099
In base 10, what is 3 - -22634222?
22634225
In base 7, what is -141 + 3056623?
3056452
In base 7, what is 101 + 24605500?
24605601
In base 15, what is 2d1047 - -3?
2d104a
In base 8, what is -172 + 5653?
5461
In base 3, what is -11220211002211012 + -11?
-11220211002211100
In base 3, what is -22 - -11112110010110?
11112110010011
In base 7, what is -12004 + -6306?
-21313
In base 11, what is 1168 - 29016?
-27959
In base 15, what is 42a - c84a1?
-c8076
In base 8, what is 5575 - -3401?
11176
In base 6, what is 111 + -20533402?
-20533251
In base 10, what is 5 + -14283043?
-14283038
In base 2, what is 10000 - -1101111111110101111011011?
1101111111110101111101011
In base 12, what is -249 - 1a229a?
-1a2527
In base 9, what is -40140550 + 18?
-40140531
In base 2, what is 1000111001101011011100 + -101001?
1000111001101010110011
In base 8, what is -6 + -4733554?
-4733562
In base 8, what is -13 - 50276507?
-50276522
In base 9, what is -17186 + -183?
-17380
In base 11, what is 2145316 + -3?
2145313
In base 4, what is 130113222102033 + 1?
130113222102100
In base 16, what is 4 - -632d15?
632d19
In base 4, what is -200321023 + 210303?
-200110120
In base 15, what is -608b + 8c?
-5eee
In base 4, what is -103010013123021 - -1?
-103010013123020
In base 10, what is -52630353 - 2?
-52630355
In base 10, what is 7 - 581021?
-581014
In base 9, what is -8477 - 7071?
-16558
In base 16, what is 99044 + -b4?
98f90
In base 9, what is -27 - 471284?
-471322
In base 10, what is -359 + -598404?
-598763
In base 3, what is -120000222010112200 + 0?
-120000222010112200
In base 11, what is 1 - 737a92?
-737a91
In base 7, what is -202 - 204460?
-204662
In base 7, what is -1 + 241506552?
241506551
In base 12, what is 3073a16 - -2?
3073a18
In base 11, what is -2154 - 2a45?
-5099
In base 10, what is 2 - -7189118?
7189120
In base 14, what is -4d84 + 82?
-4d02
In base 5, what is 1302402321041 - 4?
1302402321032
In base 4, what is 21212303031331 + -1?
21212303031330
In base 2, what is -1100000010111 - 1100100011010110?
-1110000011101101
In base 4, what is -132303221 - -223?
-132302332
In base 8, what is 2520 - -44525?
47245
In base 14, what is 45b2 + -926?
3a8a
In base 12, what is -3859543 + -25?
-3859568
In base 12, what is -12 - 1101a50?
-1101a62
In base 9, what is 0 - 118406062?
-118406062
In base 2, what is -1000101011001000101010 - -1010?
-1000101011001000100000
In base 2, what is -110000 + 100011000110011100011000?
100011000110011011101000
In base 4, what is -1 - 133120001330?
-133120001331
In base 13, what is 13a568b + -2?
13a5689
In base 3, what is -10120222 - 11210020222?
-11220211221
In base 4, what is -20 + -113131132020?
-113131132100
In base 14, what is 84 + -221c6?
-22142
In base 7, what is -20 + 25556530?
25556510
In base 2, what is 11100001101 - -11000100110001000?
11001000010010101
In base 7, what is 23 - 5213033?
-5213010
In base 13, what is 4c1 - -bbc14?
bc405
In base 7, what is -1 + 60100240?
60100236
In base 14, what is -c7c6 + 41?
-c785
In base 9, what is 1016 + 231730?
232746
In base 6, what is -40 + 145102313?
145102233
In base 7, what is 34426 + -2252?
32144
In base 16, what is -da2f - 67?
-da96
In base 13, what is -9a1117 - 34?
-9a114b
In base 16, what is 2444 + 11?
2455
In base 13, what is 449b19 - -2c1?
44a10a
In base 16, what is 5b5b5e4 - -3?
5b5b5e7
In base 10, what is -3454095 + -1?
-3454096
In base 8, what is -17060211 - 171?
-17060402
In base 15, what is 4 + 20c4d?
20c52
In base 8, what is 2051415077 - 5?
2051415072
In base 7, what is -16511 + -46155?
-65666
In base 5, what is -2113122424 + -10?
-2113122434
In base 5, what is 31 - -31231420?
31232001
In base 14, what is 69db - -2d82?
997d
In base 7, what is -115 + 10665?
10550
In base 2, what is 11001 - -111011111101111010101100?
111011111101111011000101
In base 3, what is -110120122112 + -211100?
-110121110212
In base 13, what is -66 - 56591?
-56627
In base 10, what is -33642168 + -2?
-33642170
In base 8, what is -2 - -154436000?
154435776
In base 14, what is 0 - -35b1b4a?
35b1b4a
In base 15, what is c3c - 2aa?
982
In base 15, what is -6b68 - -e36?
-5c32
In base 9, what is -40335 - -8812?
-30423
In bas